Suppose -29 = 14*r - 1. Let s(y) = 2*y**2 + 4*y + 2. Determine s(r).
2
Let v be (-3)/(-5) - (-22)/5. Let k(r) = 5 - 1 - 3 - 2*r - 5. Let y(w) = -3*w - 4. Let f(h) = -5*k(h) + 4*y(h). Calculate f(v).
-6
Suppose 2*z - 12 + 4 = 0. Let y(r) = z + r - r**3 - 6*r**2 - r - 5*r. Let x(p) = p**3 + 12*p**2 - 5. Let m be x(-12). What is y(m)?
4
Suppose 8 = -2*z, 2 - 12 = 3*h - 2*z. Let f(k) be the first derivative of k**4/4 + 2*k**3 + k**2/2 + 6*k - 1. Give f(h).
0
Suppose 0 = -3*i + 3, 3*i - 9 = t. Let q = t - -8. Let m(p) = -p - p**q + 8*p**2 - 3*p**2 - p**3 - 2. Determine m(3).
4
Let x = 1 + 2. Let o be -2 + x/2*-2. Let v(r) be the third derivative of r**5/60 + 7*r**4/24 + r**3 + 3*r**2. What is v(o)?
-4
Let j = -22 - -16. Let d(b) = -b**2 - 7*b. Calculate d(j).
6
Let f(z) = z**3 - 3*z**2 + 1. Suppose 4*u + 2*s - 12 = 2*u, 5*u - 3*s + 2 = 0. Suppose -6 = -2*m - 4*g + g, u*g + 9 = 3*m. Determine f(m).
1
Let c(a) = a**2 - 7*a + 6. Let w be c(5). Let z(j) be the second derivative of j + 0 - 1/2*j**2 - 1/3*j**3. What is z(w)?
7
Suppose 1 = 4*u - 4*a + 13, 3*u = a - 1. Let c(v) = -4 - v**2 + 2 + 8*v - 1. Let f(g) = -g. Let l(o) = u*c(o) + 4*f(o). Give l(2).
1
Let s(x) = x**2 - 4*x + 6. Suppose -3*n + 11 = u, 5*n = 4*u - u + 37. Give s(n).
11
Let b(w) = -3*w. Let d(m) = 7*m. Suppose s + 13 = 3. Let q(t) = s*b(t) - 4*d(t). Let p(v) = v + 6. Let y be p(-5). Give q(y).
2
Let q(z) = -z + 2. Suppose -2*a + 4*h + 30 = 0, 0*h = -a - 3*h - 10. Suppose -a*g = 3 + 17. Calculate q(g).
6
Let u = 2 - 3. Let w be (0 - u)/(3/9). Let p(b) be the first derivative of -b**4/4 + b**3 - b**2/2 + 2*b - 4. What is p(w)?
-1
Let s(x) be the first derivative of x**2 - 4. Suppose -2*u - 4*y - 26 = 0, -16 = 4*y + 4. Calculate s(u).
-6
Let h(v) = -4*v**3 - v**2 - v. Let g(j) = -j - 1. Let i(c) = -c**2 + 5*c + 5. Let d be i(6). Let m be (0/2)/(d - -2). Let y be g(m). What is h(y)?
4
Let l be (-21)/1*(-22)/66. Suppose s + s = 5*d - 16, -2*s - 10 = -2*d. Let m(n) = n + l - 7*n + n**2 + d*n. Give m(5).
12
Suppose -3*s - 7 = -4. Let l = s - -6. Let w(d) = -d**3 + 4*d**2 + 4*d - 2. Give w(l).
-7
Let a(i) = i + 4. Let k be -9 - (-3 - (3 + -6)). Let b be a(k). Let r(y) = y**3 + 6*y**2 + 5*y - 7. What is r(b)?
-7
Let z(q) = -5*q**2 - 13*q - 13. Let o(x) = 14*x**2 + 38*x + 38. Let t(n) = -4*o(n) - 11*z(n). Give t(-6).
9
Suppose 3 = 4*r - 1. Let h(x) = -9*x**2 - x - 4. Let f(d) = 9*d**2 + d + 3. Let c(j) = -4*f(j) - 3*h(j). What is c(r)?
-10
Let y = 2 + -1. Let u(w) = -43 + w - 2*w + 42 - 2*w**2 + 3*w. Give u(y).
-1
Let l(h) = h**2 - 6*h + 4. Let y(v) = -4*v - 6 + 6*v - 5 + 0*v - v**3 + 9*v**2. Let r be y(9). Calculate l(r).
11
Let s(i) = -18*i + 4 - 5 + 1. Let v(x) = x**2 + 7*x - 7. Let t be v(-8). What is s(t)?
-18
Suppose d + 20 = 6*d. Let l(b) = b**2 - 5*b + 2. Give l(d).
-2
Let b(t) be the third derivative of -t**6/120 + t**5/12 + t**4/12 - 2*t**3/3 + 22*t**2. Determine b(5).
6
Let h(p) = -2*p**2 - 2*p. Suppose -4*n + 9*c - 4*c + 18 = 0, 5*n - 8 = -c. Determine h(n).
-12
Let j(w) = -w**3 - 6*w**2 - 5*w + 3. Let m be j(-5). Let v = 3 + -1. Let r(u) = -u**2 + 0 - 2 + 3*u + v - 2. Determine r(m).
-2
Let m = 14 + -9. Let y be 1/2 + m/(-10). Suppose -20 = 5*o - y*o. Let q(v) = -v**3 - 4*v**2 - v + 5. Determine q(o).
9
Let l(h) be the second derivative of 0 - 2*h**2 + h - 1/12*h**4 + 1/3*h**3. Determine l(3).
-7
Let o be 1/(1/(1 - 0)). Let u(i) = 8*i**2 - 6*i + 11. Let a(d) = d**2 - d + 2. Let j(l) = 5*a(l) - u(l). What is j(o)?
-3
Let a(r) = 2*r**2 - 2*r + 7. Let d(i) = -5*i**2 + 4*i - 15. Let u(v) = 9*a(v) + 4*d(v). Let h be (-2 - 1)/(-24 + 25). Determine u(h).
-9
Let x(a) = a**2 + 4*a + 4. Suppose g - 4 = -8. What is x(g)?
4
Let o be 1/((-2)/(-18)) + 0. Let l be (-22)/6 + 6/o. Let s(f) = 5*f**3 + 3*f**2 + 2*f + 2. Let u(b) = b**3 + b. Let p(y) = s(y) - 4*u(y). Give p(l).
8
Let b(g) be the third derivative of g**8/6720 + g**7/2520 - g**6/180 - g**5/120 + 5*g**4/24 + 4*g**2. Let w(q) be the second derivative of b(q). Give w(-3).
-7
Let y(f) = -f + 3. Let m(t) = 4*t - 12. Let b(x) = 2*m(x) + 9*y(x). Suppose -3*i - o + 15 = 0, 6 + 4 = 2*i - 4*o. Determine b(i).
-2
Let v = 5 - 3. Let t be (24/2 - v)/2. Let n(s) be the second derivative of -s**5/20 + 5*s**4/12 + s**3/3 - s**2 + 2*s. Give n(t).
8
Let y(r) = 1 + 2*r**2 - 14*r**3 + 9*r**3 + 6*r**3 + 5*r + 3*r**2. Let c(n) = -n + 2. Let p be c(6). Calculate y(p).
-3
Let y = 93 - 88. Let b(x) = x**3 - 5*x**2 - x - 6. Calculate b(y).
-11
Let k be 121/7 - 8/28. Let l = k - 11. Let h(z) = z - 3. Let n(p) = 1. Let r(i) = h(i) - 3*n(i). Calculate r(l).
0
Let k(i) be the first derivative of -2 + 3/2*i**2 - 2*i + 1/3*i**3. Give k(-3).
-2
Let t(u) = 6*u**2 - 7*u**3 - 1 + 0*u**3 - 5*u**2. Calculate t(-1).
7
Let x(n) = -n**2 - n - 1 + 0*n + 3*n - 2*n**3. Let j be (7 + -8)*(3 + -1). What is x(j)?
7
Let x(p) = p**3 + 4*p**2 + 4*p + 2. Let d(l) = -l**2 - 1. Let u be d(1). Calculate x(u).
2
Let n(h) = -2*h**2 + 5*h - 4. Let p(s) = -s + 7. Let x be p(0). Suppose -2*c = 1 - x. What is n(c)?
-7
Let u(x) = 0 + 5*x + 0*x - 1. Suppose 0 = y + t - 3, -3*y - 4*t - t = -17. Calculate u(y).
-6
Suppose 0 = j - 0*j - 2. Let k be -3*j*(-10)/12. Let g(t) be the first derivative of t**2/2 - 9*t + 1. Give g(k).
-4
Let i be ((-1)/3)/((-20)/240). Let y(l) = -l**2 + 2*l + 3. Give y(i).
-5
Let p(a) be the third derivative of 7*a**5/60 - a**4/24 + a**2. Let n = 23 - 24. Determine p(n).
8
Let j(f) = 11*f + 1. Let z = -27 + 26. What is j(z)?
-10
Let p(w) be the first derivative of -5*w + 4 + 4/3*w**3 - w**2 + 1/4*w**4. Determine p(-4).
3
Let h(l) = 3 - 2 - 8*l**2 + 11*l**2 - l. Calculate h(1).
3
Let d(k) be the second derivative of -2*k + 0 + 0*k**2 + 1/6*k**3 + 3/10*k**5 + 1/6*k**4. Determine d(-1).
-5
Suppose -r = -4 + 9. Let a(c) = c + 1. Give a(r).
-4
Let a(l) be the third derivative of -l**4/24 - 3*l**3/2 + 4*l**2 + 4*l. Suppose -5*s = 15, -o - 3*s + 6*s = -5. Give a(o).
-5
Let v(f) = f**2 + 9 - 8 - 5. Give v(4).
12
Let a be 15 - (-8 + 2)/(-3). Let b = a + -8. Let s(p) = p**2 - 6*p - 4. Determine s(b).
-9
Let p(s) = 2*s - 3. Let u(x) = x**3 + x**2 + x. Let b(t) = 7*t**3 - 3*t + 10. Suppose -m + 4*m = 18. Let h(q) = m*u(q) - b(q). Let v be h(7). Give p(v).
5
Let x(k) be the third derivative of k**4/8 - 3*k**3/2 - 2*k**2. Calculate x(6).
9
Suppose 0*s - 12 = 4*s. Suppose -6 + 0 = -2*l. Let x(p) = l*p**3 - 2*p**3 + 4*p - 4*p - 2 + 4*p**2. Give x(s).
7
Suppose 4*z - 13 = 7. Let f(m) = 0*m**3 + 1 + 0 - m**3 + 4*m + 4*m**2. What is f(z)?
-4
Let i(m) be the second derivative of -m**4/12 - 5*m**2 + 5*m. Suppose -5*f + 35 = 5*p, 3*f + f = p + 13. Let v = 4 - f. What is i(v)?
-10
Let n(m) = m**2 + 3*m - 7. Let x(z) = -z**2 - 3*z + 6. Let o(s) = -5*n(s) - 6*x(s). Let t(r) = -r**2 - 6*r + 11. Let l be t(-8). Determine o(l).
9
Let s(h) = 3*h**2 + 6*h - 6. Let c be s(-5). Let l be ((-1)/(-3) - 0)*c. Suppose -2 = -2*x + z - 0*z, -5*x - l = 2*z. Let u(g) = -6*g. Calculate u(x).
6
Let h = -39 - -33. Let s(b) = b + 8. Determine s(h).
2
Let c(t) be the third derivative of -t**5/60 + t**4/6 + 5*t**3/6 + 14*t**2. Let s = 9 - 5. What is c(s)?
5
Let w(u) = -3*u + 1. Let a(z) = -z. Let k(j) = a(j) - w(j). Let n be (-2 - 1)*(-8)/(-6). Let i be ((-4)/8)/(2/n). What is k(i)?
1
Let o = -11 - -10. Let x(w) = 15*w**2 + w. Give x(o).
14
Let c(m) be the second derivative of m**3/6 - 8*m**2 + 36*m. Calculate c(7).
-9
Let s(t) = t**3 + 5*t**2 + 6*t + 5. Let w = 5 + -9. Let l(g) be the third derivative of g**5/60 + g**4/6 - 2*g**3/3 - g**2. Let z be l(w). What is s(z)?
-3
Suppose 4*m - 6 = 2*m. Let d(p) = 0*p + p + 1 + m*p**3 + p**3. Suppose -3*o = -2*f + 1 + 2, 2*o = -f - 2. Calculate d(o).
-4
Let z(t) = t**3 - 4*t**2 + 2*t + 2. Let n be z(2). Let r(m) = -m**2 + 2*m - 1. Give r(n).
-9
Let m(o) be the second derivative of -o**4/12 - o**3/2 + 3*o**2/2 + 2*o. Let v(n) = -n - 10. Let q be v(-7). Give m(q).
3
Let g(x) = 4*x. Let z(v) = -5*v. Let d(s) = 4*g(s) + 3*z(s). Suppose 3*p = -p + 4*b - 24, p - 3*b = -12. Determine d(p).
-3
Suppose 0 = 3*s - s - 4. Let l(z) = -6*z - 3. Let k(b) = 5*b + 2. Let d(w) = -4*k(w) - 3*l(w). Give d(s).
-3
Let o(l) be the first derivative of l**4/4 - 5*l**3/3 + l**2 + 5*l + 20. Give o(4).
-3
Let c(k) = -k**2 + 4*k - 1. Let j be c(3). Let s(d) = -5*d**2 - 2*d**3 + j*d**3 + d**3. Suppose 0 